{"id":4876,"date":"2022-09-09T06:06:16","date_gmt":"2022-09-09T06:06:16","guid":{"rendered":"https:\/\/bocksrun.fi\/?page_id=4876"},"modified":"2022-09-09T15:41:04","modified_gmt":"2022-09-09T15:41:04","slug":"elementor-4876","status":"publish","type":"page","link":"https:\/\/bocksrun.fi\/?page_id=4876","title":{"rendered":"Tapahtuma-alue"},"content":{"rendered":"\t\t<div data-elementor-type=\"wp-page\" data-elementor-id=\"4876\" class=\"elementor elementor-4876\">\n\t\t\t\t\t\t<section class=\"elementor-section elementor-top-section elementor-element elementor-element-999c108 elementor-section-boxed elementor-section-height-default elementor-section-height-default\" data-id=\"999c108\" data-element_type=\"section\">\n\t\t\t\t\t\t<div class=\"elementor-container elementor-column-gap-extended\">\n\t\t\t\t\t<div class=\"elementor-column elementor-col-100 elementor-top-column elementor-element elementor-element-a3a9ac6 sc_layouts_column_icons_position_left\" data-id=\"a3a9ac6\" data-element_type=\"column\">\n\t\t\t<div class=\"elementor-widget-wrap elementor-element-populated\">\n\t\t\t\t\t\t<div class=\"elementor-element elementor-element-518bd49 elementor-widget elementor-widget-trx_sc_title\" data-id=\"518bd49\" data-element_type=\"widget\" data-widget_type=\"trx_sc_title.default\">\n\t\t\t\t<div class=\"elementor-widget-container\">\n\t\t\t<div id=\"trx_sc_title_2039488321\"\n\t\tclass=\"sc_title color_style_default sc_title_decor\">\t<div class=\"sc_title_decor_item  sc_align_none\">\n\t\t<div class=\"sc_title_decor_container\">\n\t<h2 class=\"sc_item_title sc_title_title sc_align_none sc_item_title_style_decor\">Tapahtuma<\/h2><h6 class=\"sc_item_subtitle sc_title_subtitle sc_align_none sc_item_title_style_decor\">alue<\/h6>\t<\/div><\/div>\n\t<\/div><!-- \/.sc_title -->\t\t<\/div>\n\t\t\t\t<\/div>\n\t\t\t\t<div class=\"elementor-element elementor-element-3a495a0 elementor-widget elementor-widget-spacer\" data-id=\"3a495a0\" data-element_type=\"widget\" data-widget_type=\"spacer.default\">\n\t\t\t\t<div class=\"elementor-widget-container\">\n\t\t\t\t\t<div class=\"elementor-spacer\">\n\t\t\t<div class=\"elementor-spacer-inner\"><\/div>\n\t\t<\/div>\n\t\t\t\t<\/div>\n\t\t\t\t<\/div>\n\t\t\t\t\t<\/div>\n\t\t<\/div>\n\t\t\t\t\t<\/div>\n\t\t<\/section>\n\t\t\t\t<section class=\"elementor-section elementor-top-section elementor-element elementor-element-e525928 elementor-section-boxed elementor-section-height-default elementor-section-height-default\" data-id=\"e525928\" data-element_type=\"section\">\n\t\t\t\t\t\t<div class=\"elementor-container elementor-column-gap-extended\">\n\t\t\t\t\t<div class=\"elementor-column elementor-col-100 elementor-top-column elementor-element elementor-element-aec2e6c sc_layouts_column_icons_position_left\" data-id=\"aec2e6c\" data-element_type=\"column\">\n\t\t\t<div class=\"elementor-widget-wrap elementor-element-populated\">\n\t\t\t\t\t\t<div class=\"elementor-element elementor-element-dc30332 elementor-widget elementor-widget-text-editor\" data-id=\"dc30332\" data-element_type=\"widget\" data-widget_type=\"text-editor.default\">\n\t\t\t\t<div class=\"elementor-widget-container\">\n\t\t\t\t\t\t\t<p><strong>Bock\u2019s Corner Village<br \/><\/strong>Tervetuloa tunnelmalliseen Bock\u2019s Corner Villageen! El\u00e4myksi\u00e4 koko perheelle!<\/p><p><strong>Bock\u2019s Corner Brewery panimoravintola<br \/><\/strong>Ravintolastamme saat paikalliset oluet sek\u00e4 paikallisista raaka-aineista valmistetut ateriat. Bon apetit!<br \/><br \/><strong>Bock\u2019s Shop<br \/><\/strong>Ravintolan yl\u00e4puolella sijaitseva myym\u00e4l\u00e4mme on t\u00e4ynn\u00e4 alueen pientuottajien ruokatarvikkeita, k\u00e4sit\u00f6it\u00e4 sek\u00e4 lahjatavaroita. Valikoimassamme on my\u00f6s Bock\u2019sin koko olutvalikoima erikoisjuomineen, palkitut juomamme sek\u00e4 vastapaahdettua kahvia.<\/p><p><strong>Rally &amp; Hugo<br \/><\/strong>Tervetuloa tutustumaan ihaniin kaikkien rakastamiin pukkeihin, Rallyyn ja Hugoon! Ne ilahtuvat rapsutuksesta sek\u00e4 vihanneksista ja kuivasta leiv\u00e4st\u00e4.<\/p><p><strong>Bock\u2019s Old Square &#8211; Tunnelmallinen tapahtumatori<br \/><\/strong>Bock\u2019s Runin keskipisteen\u00e4 on tunnelmallinen tapahtumatori Bock\u2019sin takapihalla. Alueella on my\u00f6s perinteinen sauna ja grillikota. Tervetuloa tutustumaan!<\/p><p><strong>Leikkipuisto<br \/><\/strong>Old Squaren vieress\u00e4 on lasten leikkipuiston. Tervetuloa pit\u00e4m\u00e4\u00e4n hauskaa!<\/p><p><strong>WIC &amp; muraali<br \/><\/strong>Tervetuloa tutustumaan upouuteen Black Box Genesis \u2013gallerian luomaan muraaliin Wasa Innovation Centerin etel\u00e4sein\u00e4ll\u00e4.<\/p>\t\t\t\t\t\t<\/div>\n\t\t\t\t<\/div>\n\t\t\t\t<div class=\"elementor-element elementor-element-68a108a elementor-widget elementor-widget-spacer\" data-id=\"68a108a\" data-element_type=\"widget\" data-widget_type=\"spacer.default\">\n\t\t\t\t<div class=\"elementor-widget-container\">\n\t\t\t\t\t<div class=\"elementor-spacer\">\n\t\t\t<div class=\"elementor-spacer-inner\"><\/div>\n\t\t<\/div>\n\t\t\t\t<\/div>\n\t\t\t\t<\/div>\n\t\t\t\t\t<\/div>\n\t\t<\/div>\n\t\t\t\t\t<\/div>\n\t\t<\/section>\n\t\t\t\t<section class=\"elementor-section elementor-top-section elementor-element elementor-element-0027402 elementor-section-boxed elementor-section-height-default elementor-section-height-default\" data-id=\"0027402\" data-element_type=\"section\">\n\t\t\t\t\t\t<div class=\"elementor-container elementor-column-gap-extended\">\n\t\t\t\t\t<div class=\"elementor-column elementor-col-100 elementor-top-column elementor-element elementor-element-8c13acf sc_layouts_column_icons_position_left\" data-id=\"8c13acf\" data-element_type=\"column\">\n\t\t\t<div class=\"elementor-widget-wrap elementor-element-populated\">\n\t\t\t\t\t\t<div class=\"elementor-element elementor-element-d53ba4b elementor-widget elementor-widget-trx_widget_slider\" data-id=\"d53ba4b\" data-element_type=\"widget\" data-widget_type=\"trx_widget_slider.default\">\n\t\t\t\t<div class=\"elementor-widget-container\">\n\t\t\t<div id=\"trx_widget_slider_1710492792\" class=\"widget_area sc_widget_slider\"><aside id=\"trx_widget_slider_1710492792_widget\" class=\"widget widget_slider\">\t\t\t<div class=\"slider_wrap slider_engine_swiper\">\n\t\t\t\t<div id=\"trx_widget_slider_1710492792_outer\" class=\"slider_outer slider_swiper_outer slider_style_default slider_outer_direction_horizontal slider_outer_one slider_outer_pagination slider_outer_pagination_bullets slider_outer_pagination_pos_bottom slider_outer_nocontrols slider_outer_titles_center\"><div id=\"trx_widget_slider_1710492792_swiper\" class=\"slider_container slider_swiper swiper-slider-container slider_nocontrols slider_titles_center slider_noresize slider_   slider_height_fixed slider_direction_horizontal slider_pagination slider_pagination_bullets slider_pagination_pos_bottom slider_one slider_type_bg\" data-ratio=\"9:16\" data-interval=\"4000\" data-effect=\"slide\" data-pagination=\"bullets\" data-direction=\"horizontal\" data-slides-per-view=\"1\" data-slides-space=\"0\" data-slides-min-width=\"250\" style=\"height:667px;\"><div class=\"slider_border_left\"><svg version=\"1.1\" xmlns=\"http:\/\/www.w3.org\/2000\/svg\" xmlns:xlink=\"http:\/\/www.w3.org\/1999\/xlink\" x=\"0px\" y=\"0px\" viewBox=\"0 0 70 350\" xml:space=\"preserve\"><path class=\"\" d=\"M0,0h70L0,350l0,0V0z\"\/><\/svg><\/div><div class=\"slider_border_right\"><svg version=\"1.1\" xmlns=\"http:\/\/www.w3.org\/2000\/svg\" xmlns:xlink=\"http:\/\/www.w3.org\/1999\/xlink\" x=\"0px\" y=\"0px\" viewBox=\"0 0 70 350\" xml:space=\"preserve\"><path class=\"\" d=\"M70,350H0L70,0l0,0V350z\"\/><\/svg><\/div><div class=\"slider-wrapper swiper-wrapper\"><div  class=\"slider-slide swiper-slide\" data-image=\"\/\/bocksrun.fi\/wp-content\/uploads\/2022\/09\/IMG_3218.jpg\" style=\"background-image:url(\/\/bocksrun.fi\/wp-content\/uploads\/2022\/09\/IMG_3218.jpg);\"><\/div><div  class=\"slider-slide swiper-slide\" data-image=\"\/\/bocksrun.fi\/wp-content\/uploads\/2022\/09\/IMG_3189.jpg\" style=\"background-image:url(\/\/bocksrun.fi\/wp-content\/uploads\/2022\/09\/IMG_3189.jpg);\"><\/div><div  class=\"slider-slide swiper-slide\" data-image=\"\/\/bocksrun.fi\/wp-content\/uploads\/2022\/09\/IMG_3192.jpg\" style=\"background-image:url(\/\/bocksrun.fi\/wp-content\/uploads\/2022\/09\/IMG_3192.jpg);\"><\/div><div  class=\"slider-slide swiper-slide\" data-image=\"\/\/bocksrun.fi\/wp-content\/uploads\/2022\/09\/IMG_3195.jpg\" style=\"background-image:url(\/\/bocksrun.fi\/wp-content\/uploads\/2022\/09\/IMG_3195.jpg);\"><\/div><div  class=\"slider-slide swiper-slide\" data-image=\"\/\/bocksrun.fi\/wp-content\/uploads\/2022\/09\/IMG_3192_1.jpg\" style=\"background-image:url(\/\/bocksrun.fi\/wp-content\/uploads\/2022\/09\/IMG_3192_1.jpg);\"><\/div><div  class=\"slider-slide swiper-slide\" data-image=\"\/\/bocksrun.fi\/wp-content\/uploads\/2022\/09\/IMG_3192_.jpg\" style=\"background-image:url(\/\/bocksrun.fi\/wp-content\/uploads\/2022\/09\/IMG_3192_.jpg);\"><\/div><div  class=\"slider-slide swiper-slide\" data-image=\"\/\/bocksrun.fi\/wp-content\/uploads\/2022\/09\/kauppa30.jpg\" style=\"background-image:url(\/\/bocksrun.fi\/wp-content\/uploads\/2022\/09\/kauppa30.jpg);\"><\/div><div  class=\"slider-slide swiper-slide\" data-image=\"\/\/bocksrun.fi\/wp-content\/uploads\/2022\/09\/kauppa20.jpg\" style=\"background-image:url(\/\/bocksrun.fi\/wp-content\/uploads\/2022\/09\/kauppa20.jpg);\"><\/div><div  class=\"slider-slide swiper-slide\" data-image=\"\/\/bocksrun.fi\/wp-content\/uploads\/2022\/09\/kauppa10.jpg\" style=\"background-image:url(\/\/bocksrun.fi\/wp-content\/uploads\/2022\/09\/kauppa10.jpg);\"><\/div><\/div><!-- \/.slider-wrapper --><div class=\"slider_pagination_wrap swiper-pagination\"><\/div><\/div><!-- \/.slider_container --><\/div><!-- \/.slider_outer -->\t\t\t<\/div>\n\t\t\t<\/aside><\/div>\t\t<\/div>\n\t\t\t\t<\/div>\n\t\t\t\t\t<\/div>\n\t\t<\/div>\n\t\t\t\t\t<\/div>\n\t\t<\/section>\n\t\t\t\t<\/div>\n\t\t","protected":false},"excerpt":{"rendered":"<p>Tapahtuma alue Bock\u2019s Corner VillageTervetuloa tunnelmalliseen Bock\u2019s Corner Villageen! El\u00e4myksi\u00e4 koko perheelle! Bock\u2019s Corner Brewery panimoravintolaRavintolastamme saat paikalliset oluet sek\u00e4 paikallisista raaka-aineista valmistetut ateriat. Bon apetit! Bock\u2019s ShopRavintolan yl\u00e4puolella sijaitseva myym\u00e4l\u00e4mme on t\u00e4ynn\u00e4 alueen pientuottajien ruokatarvikkeita, k\u00e4sit\u00f6it\u00e4 sek\u00e4 lahjatavaroita. Valikoimassamme on my\u00f6s Bock\u2019sin koko olutvalikoima erikoisjuomineen, palkitut juomamme sek\u00e4 vastapaahdettua kahvia. Rally&hellip;<\/p>\n","protected":false},"author":1,"featured_media":0,"parent":0,"menu_order":0,"comment_status":"closed","ping_status":"closed","template":"","meta":{"footnotes":""},"class_list":["post-4876","page","type-page","status-publish","hentry"],"_links":{"self":[{"href":"https:\/\/bocksrun.fi\/index.php?rest_route=\/wp\/v2\/pages\/4876","targetHints":{"allow":["GET"]}}],"collection":[{"href":"https:\/\/bocksrun.fi\/index.php?rest_route=\/wp\/v2\/pages"}],"about":[{"href":"https:\/\/bocksrun.fi\/index.php?rest_route=\/wp\/v2\/types\/page"}],"author":[{"embeddable":true,"href":"https:\/\/bocksrun.fi\/index.php?rest_route=\/wp\/v2\/users\/1"}],"replies":[{"embeddable":true,"href":"https:\/\/bocksrun.fi\/index.php?rest_route=%2Fwp%2Fv2%2Fcomments&post=4876"}],"version-history":[{"count":38,"href":"https:\/\/bocksrun.fi\/index.php?rest_route=\/wp\/v2\/pages\/4876\/revisions"}],"predecessor-version":[{"id":5503,"href":"https:\/\/bocksrun.fi\/index.php?rest_route=\/wp\/v2\/pages\/4876\/revisions\/5503"}],"wp:attachment":[{"href":"https:\/\/bocksrun.fi\/index.php?rest_route=%2Fwp%2Fv2%2Fmedia&parent=4876"}],"curies":[{"name":"wp","href":"https:\/\/api.w.org\/{rel}","templated":true}]}}